{"id":76,"date":"2017-06-12T04:36:30","date_gmt":"2017-06-12T04:36:30","guid":{"rendered":"https:\/\/car.agricultura.sp.gov.br\/site\/?page_id=76"},"modified":"2026-04-13T17:47:52","modified_gmt":"2026-04-13T20:47:52","slug":"agro-legal","status":"publish","type":"page","link":"https:\/\/car.agricultura.sp.gov.br\/site\/agro-legal\/","title":{"rendered":"Programa Agro Legal"},"content":{"rendered":"<div class=\"wpb-content-wrapper\"><p>[vc_row css=&#8221;.vc_custom_1496126818377{padding-top: 70px !important;}&#8221;][vc_column video_bg=&#8221;yes&#8221; video_bg_url=&#8221;https:\/\/pixabay.com\/videos\/agriculture-farm-field-tractor-168399\/&#8221; video_bg_parallax=&#8221;content-moving&#8221; width=&#8221;2\/3&#8243;]<div class=\"fh-section-title clearfix  text-left style-1 version-dark\"><div class=\"container\"><h2>Um Grande Passo Rumo \u00e0  <span class=\"main-color\">Regulariza\u00e7\u00e3o Ambiental<\/span><\/h2><\/div><\/div>[vc_column_text css=&#8221;.vc_custom_1757882063749{margin-top: 40px !important;padding-bottom: 20px !important;}&#8221;]<\/p>\n<p style=\"font-size: 22px; font-weight: 500; font-family: 'Poppins', sans-serif; color: #292929;\">Programa institu\u00eddo pelo <strong>Decreto n\u00ba 65.182, de 16 de setembro de 2020<\/strong>, com o objetivo de promover a regulariza\u00e7\u00e3o da reserva legal dos im\u00f3veis rurais no Estado de S\u00e3o Paulo.<\/p>\n<p>[\/vc_column_text][vc_column_text css=&#8221;.vc_custom_1757882926784{margin-bottom: 25px !important;}&#8221;]O Programa Agro Legal, criado pelo Governo do Estado de S\u00e3o Paulo, tem como objetivo promover a <strong data-start=\"239\" data-end=\"290\">regulariza\u00e7\u00e3o ambiental das propriedades rurais<\/strong>, conciliando a produ\u00e7\u00e3o agropecu\u00e1ria com a preserva\u00e7\u00e3o dos recursos naturais. A iniciativa simplifica a compensa\u00e7\u00e3o e a recomposi\u00e7\u00e3o de \u00e1reas de Reserva Legal e \u00c1reas de Preserva\u00e7\u00e3o Permanente, estimulando o uso sustent\u00e1vel do solo, a recupera\u00e7\u00e3o de \u00e1reas degradadas e oferecendo <strong data-start=\"571\" data-end=\"608\">seguran\u00e7a jur\u00eddica aos produtores<\/strong>. Trata-se de uma pol\u00edtica p\u00fablica estrat\u00e9gica que alia desenvolvimento econ\u00f4mico, prote\u00e7\u00e3o ambiental e inova\u00e7\u00e3o tecnol\u00f3gica em benef\u00edcio da agricultura paulista.[\/vc_column_text][vc_column_text css=&#8221;&#8221;]<\/p>\n<div class=\"custom-quote\">\n<blockquote>\n<p>SP proporciona paz e seguran\u00e7a para as fam\u00edlias investirem em suas propriedades. A seguran\u00e7a jur\u00eddica \u00e9 um dos compromissos do governo paulista com o produtor rural do estado de SP.<a href=\"#\">&#8211; Geraldo Melo Filho (Secret\u00e1rio de Agricultura e Abastecimento)<\/a><\/p>\n<\/blockquote>\n<\/div>\n<p>[\/vc_column_text][\/vc_column][vc_column width=&#8221;1\/3&#8243;][vc_single_image image=&#8221;944&#8243; img_size=&#8221;full&#8221; alignment=&#8221;center&#8221; css=&#8221;.vc_custom_1757941232442{margin-top: -20px !important;}&#8221;][\/vc_column][\/vc_row][vc_row css=&#8221;.vc_custom_1496134429143{padding-top: 55px !important;padding-bottom: 55px !important;background-color: #fafafa !important;}&#8221;][vc_column][vc_row_inner][vc_column_inner width=&#8221;1\/2&#8243;][vc_single_image image=&#8221;912&#8243; img_size=&#8221;Large&#8221; add_caption=&#8221;yes&#8221; style=&#8221;vc_box_shadow_3d&#8221; css=&#8221;&#8221; title=&#8221;Geoprocessamento \u00e1gil e confi\u00e1vel&#8221;][vc_column_text css=&#8221;&#8221;]O Programa Agro Legal adota tecnologias de geoprocessamento de \u00faltima gera\u00e7\u00e3o para dar mais efici\u00eancia e seguran\u00e7a \u00e0s an\u00e1lises do Cadastro Ambiental Rural. Com m\u00e9todos padronizados e automa\u00e7\u00e3o inteligente, os processos s\u00e3o conclu\u00eddos com rapidez e confiabilidade, garantindo ao produtor transpar\u00eancia e seguran\u00e7a jur\u00eddica no cumprimento da legisla\u00e7\u00e3o ambiental.[\/vc_column_text][\/vc_column_inner][vc_column_inner width=&#8221;1\/2&#8243;][vc_single_image image=&#8221;918&#8243; img_size=&#8221;Large&#8221; add_caption=&#8221;yes&#8221; style=&#8221;vc_box_shadow_3d&#8221; css=&#8221;&#8221; title=&#8221;Monitoramento simplificado e transparente&#8221;][vc_column_text css=&#8221;&#8221;]Acompanhamos a recomposi\u00e7\u00e3o da vegeta\u00e7\u00e3o nativa de forma simplificada e acess\u00edvel, com indicadores claros e ferramentas modernas de monitoramento. Essa abordagem garante que o produtor rural tenha clareza sobre cada etapa do processo, reduz burocracias e refor\u00e7a a credibilidade das a\u00e7\u00f5es ambientais, fortalecendo o equil\u00edbrio entre produ\u00e7\u00e3o e conserva\u00e7\u00e3o.[\/vc_column_text][\/vc_column_inner][\/vc_row_inner][\/vc_column][\/vc_row][vc_row][vc_column][vc_row_inner][vc_column_inner][vc_empty_space]<div class=\"fh-section-title clearfix  text-left style-1 version-dark\"><div class=\"container\"><h2>Documentos de <span class=\"main-color\">Refer\u00eancia<\/span><\/h2><\/div><\/div>[\/vc_column_inner][\/vc_row_inner][vc_tta_tabs][vc_tta_section title=&#8221;Manuais&#8221; tab_id=&#8221;1775998661524-b106570c-dde2&#8243;][vc_row_inner][vc_column_inner][vc_raw_html css=&#8221;&#8221;]JTNDZGl2JTIwY2xhc3MlM0QlMjJmaC1jdGElMjIlM0UlMEQlMEElMjAlMjAlM0NkaXYlMjBjbGFzcyUzRCUyMmZoLWN0YS1pbm5lciUyMiUzRSUwRCUwQSUyMCUyMCUyMCUyMCUzQ2RpdiUyMGNsYXNzJTNEJTIyZmgtY3RhLWNvbnRlbnQlMjBzcC1jdGEtY2xvbmUlMjIlM0UlMEQlMEElMEQlMEElMjAlMjAlMjAlMjAlMjAlMjAlM0NoMiUzRUNvbmhlJUMzJUE3YSUyMGVtJTIwZGV0YWxoZXMlMjBhcyUyMGRpcmV0cml6ZXMlMjBkbyUyMFByb2dyYW1hJTIwQWdybyUyMExlZ2FsLiUzQyUyRmgyJTNFJTBEJTBBJTBEJTBBJTIwJTIwJTIwJTIwJTIwJTIwJTNDaDQlM0UlMEQlMEElMjAlMjAlMjAlMjAlMjAlMjAlMjAlMjBCYWl4ZSUyMG9zJTIwbWF0ZXJpYWlzJTIwdCVDMyVBOWNuaWNvcyUyMGUlMjBjb21wbGVtZW50YXJlcyUyMHBhcmElMjBhcGxpY2FyJTIwY29ycmV0YW1lbnRlJTIwYXMlMjByZWdyYXMlMjBkZSUyMHJlY29tcG9zaSVDMyVBNyVDMyVBM28lMjBlJTIwY29tcGVuc2ElQzMlQTclQzMlQTNvJTIwYW1iaWVudGFsJTIwbm8lMjBFc3RhZG8lMjBkZSUyMFMlQzMlQTNvJTIwUGF1bG8uJTBEJTBBJTIwJTIwJTIwJTIwJTIwJTIwJTNDJTJGaDQlM0UlMEQlMEElMEQlMEElMjAlMjAlMjAlMjAlMjAlMjAlM0NwJTNFJTBEJTBBJTIwJTIwJTIwJTIwJTIwJTIwJTIwJTIwT3MlMjBkb2N1bWVudG9zJTIwYWJhaXhvJTIwcmUlQzMlQkFuZW0lMjBvcmllbnRhJUMzJUE3JUMzJUI1ZXMlMjBwciVDMyVBMXRpY2FzJTIwZSUyMHJlc3BhbGRvJTIwbGVnYWwlMjBwYXJhJTIwcHJvZHV0b3JlcyUyQyUyMHQlQzMlQTljbmljb3MlMjBlJTIwZ2VzdG9yZXMlMjBxdWUlMjBidXNjYW0lMjBzZWd1cmFuJUMzJUE3YSUyMGUlMjBjbGFyZXphJTIwbm8lMjBwcm9jZXNzbyUyMGRlJTIwcmVndWxhcml6YSVDMyVBNyVDMyVBM28uJTBEJTBBJTIwJTIwJTIwJTIwJTIwJTIwJTNDJTJGcCUzRSUwRCUwQSUwRCUwQSUyMCUyMCUyMCUyMCUyMCUyMCUzQ2RpdiUyMGNsYXNzJTNEJTIyc3AtY3RhLWRpdmlkZXIlMjIlM0UlM0MlMkZkaXYlM0UlMEQlMEElMEQlMEElMjAlMjAlMjAlMjAlMjAlMjAlM0NkaXYlMjBjbGFzcyUzRCUyMnNwLWN0YS1tdWx0aS1idG4lMjIlM0UlMEQlMEElMjAlMjAlMjAlMjAlMjAlMjAlMjAlMjAlM0NhJTIwaHJlZiUzRCUyMiUyRnNpdGUlMkZ3cC1jb250ZW50JTJGdXBsb2FkcyUyRjIwMjYlMkYwNCUyRk1ULVByb2dyYW1hLUFncm8tbGVnYWwtd2ViX3ZjLnBkZiUyMiUyMGNsYXNzJTNEJTIyc3AtY3RhLWJ0biUyMiUyMHRhcmdldCUzRCUyMl9ibGFuayUyMiUyMHJlbCUzRCUyMm5vb3BlbmVyJTIyJTNFJTBEJTBBJTIwJTIwJTIwJTIwJTIwJTIwJTIwJTIwJTIwJTIwJTNDaSUyMGNsYXNzJTNEJTIyZmElMjBmYS1jbG91ZC1kb3dubG9hZCUyMiUzRSUzQyUyRmklM0UlMEQlMEElMjAlMjAlMjAlMjAlMjAlMjAlMjAlMjAlMjAlMjAlM0NzcGFuJTNFTWFudWFsJTIwVCVDMyVBOWNuaWNvJTIwT3BlcmFjaW9uYWwlMjBWb2wuJTIwSSUzQyUyRnNwYW4lM0UlMEQlMEElMjAlMjAlMjAlMjAlMjAlMjAlMjAlMjAlM0MlMkZhJTNFJTBEJTBBJTBEJTBBJTIwJTIwJTIwJTIwJTIwJTIwJTIwJTIwJTNDYSUyMGhyZWYlM0QlMjIlMkZzaXRlJTJGd3AtY29udGVudCUyRnVwbG9hZHMlMkYyMDI2JTJGMDQlMkZNVC1Qcm9ncmFtYS1BZ3JvLUxlZ2FsLTIwMjUtV0VCLnBkZiUyMiUyMGNsYXNzJTNEJTIyc3AtY3RhLWJ0biUyMiUyMHRhcmdldCUzRCUyMl9ibGFuayUyMiUyMHJlbCUzRCUyMm5vb3BlbmVyJTIyJTNFJTBEJTBBJTIwJTIwJTIwJTIwJTIwJTIwJTIwJTIwJTIwJTIwJTNDaSUyMGNsYXNzJTNEJTIyZmElMjBmYS1jbG91ZC1kb3dubG9hZCUyMiUzRSUzQyUyRmklM0UlMEQlMEElMjAlMjAlMjAlMjAlMjAlMjAlMjAlMjAlMjAlMjAlM0NzcGFuJTNFTWFudWFsJTIwVCVDMyVBOWNuaWNvJTIwT3BlcmFjaW9uYWwlMjBWb2wuJTIwSUklM0MlMkZzcGFuJTNFJTBEJTBBJTIwJTIwJTIwJTIwJTIwJTIwJTIwJTIwJTNDJTJGYSUzRSUwRCUwQSUyMCUyMCUyMCUyMCUyMCUyMCUzQyUyRmRpdiUzRSUwRCUwQSUwRCUwQSUyMCUyMCUyMCUyMCUzQyUyRmRpdiUzRSUwRCUwQSUyMCUyMCUzQyUyRmRpdiUzRSUwRCUwQSUzQyUyRmRpdiUzRQ==[\/vc_raw_html][\/vc_column_inner][\/vc_row_inner][\/vc_tta_section][vc_tta_section i_icon_fontawesome=&#8221;fa fa-solid fa-file-contract&#8221; add_icon=&#8221;true&#8221; title=&#8221;Notas T\u00e9cnicas&#8221; tab_id=&#8221;1757897016635-47755b6e-2811&#8243;][vc_cta h2=&#8221;Avan\u00e7os no Cadastro Ambiental Rural em S\u00e3o Paulo&#8221; h4=&#8221;Acesse a Nota T\u00e9cnica da Secretaria de Agricultura e Abastecimento sobre a An\u00e1lise Dinamizada do CAR e entenda como o Estado est\u00e1 modernizando o SICAR-SP para garantir efici\u00eancia e seguran\u00e7a na implementa\u00e7\u00e3o do C\u00f3digo Florestal.&#8221; add_button=&#8221;bottom&#8221; btn_title=&#8221;Nota T\u00e9cnica&#8221; btn_size=&#8221;lg&#8221; btn_align=&#8221;center&#8221; btn_i_icon_fontawesome=&#8221;fa fa-solid fa-cloud-arrow-down&#8221; css=&#8221;&#8221; btn_add_icon=&#8221;true&#8221; btn_link=&#8221;url:%2Fsite%2Fwp-content%2Fuploads%2F2025%2F09%2FNotaTecnicaAnaliseDinamizada.pdf|target:_blank&#8221;]<\/p>\n<p data-start=\"756\" data-end=\"1176\">O documento mostra como a tecnologia acelera valida\u00e7\u00f5es e amplia a transpar\u00eancia, oferecendo um panorama atualizado da implementa\u00e7\u00e3o do C\u00f3digo Florestal em SP.<\/p>\n<p>[\/vc_cta][\/vc_tta_section][\/vc_tta_tabs][vc_row_inner][vc_column_inner][vc_empty_space][\/vc_column_inner][\/vc_row_inner][\/vc_column][\/vc_row][vc_section full_width=&#8221;stretch_row_content&#8221; content_placement=&#8221;middle&#8221;][\/vc_section][vc_section][vc_row][vc_column]<div class=\"fh-section-title clearfix  text-center style-1 version-dark\"><div class=\"container\"><h2>Linha do Tempo <span class=\"main-color\">Programa Agro Legal<\/span><\/h2><\/div><\/div><div class=\"fh-history \">\n            <div class=\"history-list owl-carousel\" id=\"history-slider-69ecbaf05b527\"><div class=\"history\"><div class=\"history-header clearfix\"><div class=\"date\">2015<\/div><h3 class=\"title\">Lei Estadual n\u00ba 15.684<\/h3><\/div><div class=\"history-desc\"><p>Aprova o Programa de Regulariza\u00e7\u00e3o Ambiental (PRA) em S\u00e3o Paulo, marco legal para a regulariza\u00e7\u00e3o de reservas legais e passivos ambientais no estado.<\/p><\/div><\/div><div class=\"history\"><div class=\"history-header clearfix\"><div class=\"date\">2020<\/div><h3 class=\"title\">Decreto Estadual n\u00ba 64.842<\/h3><\/div><div class=\"history-desc\"><p>Regulamenta a Lei 15.684 e permite a apresenta\u00e7\u00e3o de Projetos de Recomposi\u00e7\u00e3o de \u00c1reas Degradadas (PRADA), operacionalizando a regulariza\u00e7\u00e3o ambiental e alinhando com o C\u00f3digo Florestal.<\/p><\/div><\/div><div class=\"history\"><div class=\"history-header clearfix\"><div class=\"date\">2020<\/div><h3 class=\"title\">Decreto Estadual n\u00ba 65.182<\/h3><\/div><div class=\"history-desc\"><p>Institui oficialmente o Programa Agro Legal, criando diretrizes espec\u00edficas para a regulariza\u00e7\u00e3o da Reserva Legal em im\u00f3veis rurais, conciliando produ\u00e7\u00e3o agropecu\u00e1ria e prote\u00e7\u00e3o ambiental.<\/p><\/div><\/div><div class=\"history\"><div class=\"history-header clearfix\"><div class=\"date\">2020<\/div><h3 class=\"title\">Lan\u00e7amento oficial<\/h3><\/div><div class=\"history-desc\"><p>Governo de SP divulga o programa, destacando meta de recuperar 800 mil hectares de vegeta\u00e7\u00e3o nativa em 20 anos, com seguran\u00e7a jur\u00eddica para o produtor rural.<\/p><\/div><\/div><div class=\"history\"><div class=\"history-header clearfix\"><div class=\"date\">2024<\/div><h3 class=\"title\">Regulamenta\u00e7\u00f5es e manuais<\/h3><\/div><div class=\"history-desc\"><p>Publica\u00e7\u00e3o de materiais t\u00e9cnicos, como o Manual T\u00e9cnico do Programa Agro Legal e o Manual de Compensa\u00e7\u00e3o Ambiental, oferecendo ferramentas pr\u00e1ticas e seguras para ades\u00e3o.<\/p><\/div><\/div><div class=\"history\"><div class=\"history-header clearfix\"><div class=\"date\">2025<\/div><h3 class=\"title\">Consolida\u00e7\u00e3o do programa<\/h3><\/div><div class=\"history-desc\"><p>Portal de Servi\u00e7os de SP disponibiliza orienta\u00e7\u00f5es sobre PRA\/Agro Legal, incluindo gratuidade para pequenos im\u00f3veis e uso de geotecnologias, consolidando o acesso do produtor rural ao programa.<\/p><\/div><\/div><\/div>\n        <\/div>[\/vc_column][\/vc_row][\/vc_section][vc_row enable_parallax=&#8221;yes&#8221; css=&#8221;.vc_custom_1757886823913{padding-top: 80px !important;padding-bottom: 50px !important;background-image: url(https:\/\/car.agricultura.sp.gov.br\/site\/wp-content\/uploads\/2025\/09\/header_agrolegal_parallax-1.png?id=834) !important;}&#8221;][vc_column width=&#8221;1\/4&#8243;]<div class=\"fh-counter  style-1\">\n\t\t\t\t <span class=\"fh-icon\"><i class=\"flaticon-nature-1\"><\/i><\/span>\n                <div class=\"counter\">\n                \t<div class=\"value\">200<\/div>\n                \t<span>K<\/span>\n                <\/div>\n                <h4>Im\u00f3veis Rurais Validados<\/h4>\n\n            <\/div>[\/vc_column][vc_column width=&#8221;1\/4&#8243;]<div class=\"fh-counter  style-1\">\n\t\t\t\t <span class=\"fh-icon\"><i class=\"flaticon-nature-2\"><\/i><\/span>\n                <div class=\"counter\">\n                \t<div class=\"value\">500<\/div>\n                \t<span>%<\/span>\n                <\/div>\n                <h4>Aumento nas Valida\u00e7\u00f5es<\/h4>\n\n            <\/div>[\/vc_column][vc_column width=&#8221;1\/4&#8243;]<div class=\"fh-counter  style-1\">\n\t\t\t\t <span class=\"fh-icon\"><i class=\"flaticon-nature-3\"><\/i><\/span>\n                <div class=\"counter\">\n                \t<div class=\"value\">69<\/div>\n                \t<span>K ha<\/span>\n                <\/div>\n                <h4>Reserva Legal Regularizadas<\/h4>\n\n            <\/div>[\/vc_column][vc_column width=&#8221;1\/4&#8243;]<div class=\"fh-counter  style-1\">\n\t\t\t\t <span class=\"fh-icon\"><i class=\"flaticon-medal\"><\/i><\/span>\n                <div class=\"counter\">\n                \t<div class=\"value\">20<\/div>\n                \t<span>K ha<\/span>\n                <\/div>\n                <h4>Em Processo de Recupera\u00e7\u00e3o Florestal<\/h4>\n\n            <\/div>[\/vc_column][\/vc_row][vc_row css=&#8221;.vc_custom_1496134378191{padding-top: 60px !important;padding-bottom: 50px !important;}&#8221;][vc_column]<div class=\"fh-section-title clearfix  text-center style-1 version-dark\"><div class=\"container\"><h2>Diretrizes <span class=\"main-color\">Programa Agro Legal<\/span><\/h2><\/div><\/div>[vc_row_inner css=&#8221;.vc_custom_1496133799934{margin-top: 50px !important;}&#8221;][vc_column_inner width=&#8221;1\/4&#8243;][vc_hoverbox image=&#8221;872&#8243; primary_title=&#8221;Regularizar&#8221; primary_title_font_container=&#8221;font_size:28|color:%23FFFFFF&#8221; primary_title_use_theme_fonts=&#8221;yes&#8221; hover_title=&#8221;Reservas Legais&#8221; hover_title_font_container=&#8221;font_size:28&#8243; hover_title_use_theme_fonts=&#8221;yes&#8221; shape=&#8221;square&#8221; use_custom_fonts_primary_title=&#8221;true&#8221; use_custom_fonts_hover_title=&#8221;true&#8221;]A ado\u00e7\u00e3o de mecanismos de regulariza\u00e7\u00e3o ambiental da reserva legal das propriedades rurais no Estado de S\u00e3o Paulo, visando assegurar a preserva\u00e7\u00e3o e a prote\u00e7\u00e3o efetiva das \u00e1reas produtivas j\u00e1 convertidas, com manejo sustent\u00e1vel, respons\u00e1vel e cont\u00ednuo do solo agr\u00edcola;[\/vc_hoverbox][\/vc_column_inner][vc_column_inner width=&#8221;1\/4&#8243;][vc_hoverbox image=&#8221;874&#8243; primary_title=&#8221;Facilitar&#8221; primary_title_font_container=&#8221;font_size:28|color:%23FFFFFF&#8221; primary_title_use_theme_fonts=&#8221;yes&#8221; hover_title=&#8221;Compensar Reserva&#8221; hover_title_font_container=&#8221;font_size:28&#8243; hover_title_use_theme_fonts=&#8221;yes&#8221; shape=&#8221;square&#8221; use_custom_fonts_primary_title=&#8221;true&#8221; use_custom_fonts_hover_title=&#8221;true&#8221;]O estabelecimento de mecanismos de facilita\u00e7\u00e3o e incentivo da compensa\u00e7\u00e3o da reserva legal, por meio da doa\u00e7\u00e3o de \u00e1reas devidamente regularizadas em unidades de conserva\u00e7\u00e3o de dom\u00ednio p\u00fablico estadual, assegurando a preserva\u00e7\u00e3o ambiental efetiva;[\/vc_hoverbox][\/vc_column_inner][vc_column_inner width=&#8221;1\/4&#8243;][vc_hoverbox image=&#8221;877&#8243; primary_title=&#8221;Fomentar&#8221; primary_title_font_container=&#8221;font_size:28|color:%23FFFFFF&#8221; primary_title_use_theme_fonts=&#8221;yes&#8221; hover_title=&#8221;Regulariza\u00e7\u00e3o Passivos&#8221; hover_title_font_container=&#8221;font_size:28&#8243; hover_title_use_theme_fonts=&#8221;yes&#8221; shape=&#8221;square&#8221; use_custom_fonts_primary_title=&#8221;true&#8221; use_custom_fonts_hover_title=&#8221;true&#8221;]A promo\u00e7\u00e3o de mecanismos de fomento da regulariza\u00e7\u00e3o de passivos ambientais, mediante a capta\u00e7\u00e3o de recursos p\u00fablicos e privados, nacionais e internacionais, que favore\u00e7am a preserva\u00e7\u00e3o das \u00e1reas protegidas no Estado de S\u00e3o Paulo;[\/vc_hoverbox][\/vc_column_inner][vc_column_inner width=&#8221;1\/4&#8243;][vc_hoverbox image=&#8221;878&#8243; primary_title=&#8221;Monitorar&#8221; primary_title_font_container=&#8221;font_size:28|color:%23FFFFFF&#8221; primary_title_use_theme_fonts=&#8221;yes&#8221; hover_title=&#8221;Recomposi\u00e7\u00e3o Vegeta\u00e7\u00e3o&#8221; hover_title_font_container=&#8221;font_size:28&#8243; hover_title_use_theme_fonts=&#8221;yes&#8221; shape=&#8221;square&#8221; use_custom_fonts_primary_title=&#8221;true&#8221; use_custom_fonts_hover_title=&#8221;true&#8221;]O estabelecimento de mecanismos simplificados de monitoramento da recomposi\u00e7\u00e3o da vegeta\u00e7\u00e3o nativa em \u00e1reas de preserva\u00e7\u00e3o permanente e nas reservas legais, considerando prazos e diretrizes compat\u00edveis com as atividades agropecu\u00e1rias.[\/vc_hoverbox][\/vc_column_inner][\/vc_row_inner][\/vc_column][\/vc_row][vc_row][vc_column]<div class=\"fh-section-title clearfix  text-left style-1 version-dark\"><div class=\"container\"><h2><\/h2><\/div><\/div>[\/vc_column][\/vc_row][vc_section][\/vc_section]<\/p>\n<\/div>","protected":false},"excerpt":{"rendered":"<p>[vc_row css=&#8221;.vc_custom_1496126818377{padding-top: 70px !important;}&#8221;][vc_column video_bg=&#8221;yes&#8221; video_bg_url=&#8221;https:\/\/pixabay.com\/videos\/agriculture-farm-field-tractor-168399\/&#8221; video_bg_parallax=&#8221;content-moving&#8221; width=&#8221;2\/3&#8243;][vc_column_text css=&#8221;.vc_custom_1757882063749{margin-top: 40px !important;padding-bottom: 20px !important;}&#8221;]&hellip;<\/p>\n","protected":false},"author":1,"featured_media":619,"parent":0,"menu_order":0,"comment_status":"closed","ping_status":"closed","template":"template-fullwidth.php","meta":{"footnotes":""},"class_list":["post-76","page","type-page","status-publish","has-post-thumbnail","hentry",""],"_links":{"self":[{"href":"https:\/\/car.agricultura.sp.gov.br\/site\/wp-json\/wp\/v2\/pages\/76","targetHints":{"allow":["GET"]}}],"collection":[{"href":"https:\/\/car.agricultura.sp.gov.br\/site\/wp-json\/wp\/v2\/pages"}],"about":[{"href":"https:\/\/car.agricultura.sp.gov.br\/site\/wp-json\/wp\/v2\/types\/page"}],"author":[{"embeddable":true,"href":"https:\/\/car.agricultura.sp.gov.br\/site\/wp-json\/wp\/v2\/users\/1"}],"replies":[{"embeddable":true,"href":"https:\/\/car.agricultura.sp.gov.br\/site\/wp-json\/wp\/v2\/comments?post=76"}],"version-history":[{"count":150,"href":"https:\/\/car.agricultura.sp.gov.br\/site\/wp-json\/wp\/v2\/pages\/76\/revisions"}],"predecessor-version":[{"id":1958,"href":"https:\/\/car.agricultura.sp.gov.br\/site\/wp-json\/wp\/v2\/pages\/76\/revisions\/1958"}],"wp:featuredmedia":[{"embeddable":true,"href":"https:\/\/car.agricultura.sp.gov.br\/site\/wp-json\/wp\/v2\/media\/619"}],"wp:attachment":[{"href":"https:\/\/car.agricultura.sp.gov.br\/site\/wp-json\/wp\/v2\/media?parent=76"}],"curies":[{"name":"wp","href":"https:\/\/api.w.org\/{rel}","templated":true}]}}