{"id":73,"date":"2017-06-12T04:35:29","date_gmt":"2017-06-12T04:35:29","guid":{"rendered":"https:\/\/car.agricultura.sp.gov.br\/site\/?page_id=73"},"modified":"2026-04-13T17:34:17","modified_gmt":"2026-04-13T20:34:17","slug":"contato","status":"publish","type":"page","link":"https:\/\/car.agricultura.sp.gov.br\/site\/contato\/","title":{"rendered":"Contato"},"content":{"rendered":"<div class=\"wpb-content-wrapper\"><p>[vc_row css=&#8221;.vc_custom_1496648745757{padding-top: 70px !important;padding-bottom: 80px !important;}&#8221;][vc_column width=&#8221;1\/2&#8243;]<div class=\"fh-section-title clearfix  text-left style-2 version-dark\"><div class=\"container\"><h2>Atendimento <span class=\"main-color\">Di\u00e1rio<\/span><\/h2><\/div><\/div>[vc_column_text css=&#8221;.vc_custom_1757961464694{padding-bottom: 30px !important;}&#8221;]<\/p>\n<p data-start=\"206\" data-end=\"499\">O <strong data-start=\"208\" data-end=\"231\">Programa Agro Legal<\/strong> foi criado para apoiar o produtor rural na regulariza\u00e7\u00e3o ambiental e no cumprimento das exig\u00eancias do Cadastro Ambiental Rural (CAR). Sabemos que o dia a dia no campo exige agilidade e clareza, por isso desenvolvemos um canal de contato direto, simples e eficiente.<\/p>\n<p data-start=\"501\" data-end=\"738\">Ao acessar nosso atendimento, voc\u00ea conta com o suporte de profissionais especializados, preparados para esclarecer d\u00favidas, orientar cada etapa do processo e indicar os melhores caminhos para garantir a conformidade da sua propriedade.<\/p>\n<p data-start=\"740\" data-end=\"998\">Mais do que um canal de comunica\u00e7\u00e3o, oferecemos um espa\u00e7o de apoio e parceria, fortalecendo a confian\u00e7a entre o Estado de S\u00e3o Paulo e quem produz. Acreditamos que a regulariza\u00e7\u00e3o ambiental pode caminhar lado a lado com a produtividade e a sustentabilidade.<\/p>\n<p data-start=\"1000\" data-end=\"1250\">\ud83d\udc49 Clique no bot\u00e3o abaixo e fale agora mesmo com a nossa equipe. Estamos prontos para oferecer respostas r\u00e1pidas, orienta\u00e7\u00e3o segura e todo o suporte necess\u00e1rio para que sua propriedade esteja regularizada e pronta para crescer de forma sustent\u00e1vel.<\/p>\n<p>[\/vc_column_text][vc_btn title=&#8221;Formu\u00e1rio de Contato&#8221; shape=&#8221;square&#8221; size=&#8221;lg&#8221; align=&#8221;center&#8221; i_icon_fontawesome=&#8221;fa fa-solid fa-square-phone&#8221; css=&#8221;&#8221; button_block=&#8221;true&#8221; add_icon=&#8221;true&#8221; link=&#8221;url:https%3A%2F%2Fintranet.agricultura.sp.gov.br%2Ffaleccar%2Fform_tbl_atendimento%2Fform_tbl_atendimento.php&#8221;][vc_row_inner css=&#8221;.vc_custom_1496647938965{padding-top: 40px !important;}&#8221; el_class=&#8221;contact-page&#8221;][vc_column_inner width=&#8221;1\/2&#8243;][\/vc_column_inner][vc_column_inner width=&#8221;1\/2&#8243;][\/vc_column_inner][\/vc_row_inner]<div class=\"fh-contact-box  style-2\">\n\t\t\t\t\n                <div class=\"info\"><div class=\"info-item\"><span class=\"fh-icon\"><i class=\"fa fa-search\"><\/i><\/span><div class=\"details\"><a href:#>Encontre sua Regional de Atendimento<\/a><\/div><\/div><\/div>\n            <\/div>[vc_btn title=&#8221;Regionais&#8221; style=&#8221;3d&#8221; align=&#8221;center&#8221; i_icon_fontawesome=&#8221;fa fa-solid fa-phone-volume&#8221; css=&#8221;&#8221; button_block=&#8221;true&#8221; add_icon=&#8221;true&#8221; link=&#8221;url:https%3A%2F%2Fwww.cati.sp.gov.br%2Fportal%2Finstitucional%2Fenderecos%3Funidades%3DCAR-SP|target:_blank&#8221;][\/vc_column][vc_column width=&#8221;1\/2&#8243;][vc_single_image image=&#8221;1006&#8243; img_size=&#8221;full&#8221; alignment=&#8221;center&#8221; css=&#8221;&#8221;][\/vc_column][\/vc_row][vc_section][vc_row][vc_column]<div class=\"fh-section-title clearfix  text-center style-1 version-dark\"><div class=\"container\"><h2>Canais do <span class=\"main-color\">Estado<\/span><\/h2><\/div><\/div>[vc_separator border_width=&#8221;2&#8243; css=&#8221;&#8221;][\/vc_column][\/vc_row][vc_row][vc_column][vc_empty_space height=&#8221;40px&#8221;][\/vc_column][\/vc_row][vc_row][vc_column width=&#8221;1\/3&#8243;][vc_btn title=&#8221;Ouvidoria&#8221; color=&#8221;inverse&#8221; size=&#8221;lg&#8221; align=&#8221;center&#8221; i_type=&#8221;pixelicons&#8221; i_icon_pixelicons=&#8221;vc_pixel_icon vc_pixel_icon-balloon&#8221; css=&#8221;&#8221; button_block=&#8221;true&#8221; add_icon=&#8221;true&#8221; link=&#8221;url:http%3A%2F%2Fwww.fala.sp.gov.br%2F|target:_blank&#8221;][\/vc_column][vc_column width=&#8221;1\/3&#8243;][vc_btn title=&#8221;Tranpar\u00eancia&#8221; color=&#8221;inverse&#8221; size=&#8221;lg&#8221; align=&#8221;center&#8221; i_type=&#8221;pixelicons&#8221; i_icon_pixelicons=&#8221;vc_pixel_icon vc_pixel_icon-binocular&#8221; css=&#8221;&#8221; button_block=&#8221;true&#8221; add_icon=&#8221;true&#8221; link=&#8221;url:http%3A%2F%2Fwww.fala.sp.gov.br%2F|target:_blank&#8221;][\/vc_column][vc_column width=&#8221;1\/3&#8243;][vc_btn title=&#8221;SIC&#8221; color=&#8221;inverse&#8221; size=&#8221;lg&#8221; align=&#8221;center&#8221; i_type=&#8221;pixelicons&#8221; i_icon_pixelicons=&#8221;vc_pixel_icon vc_pixel_icon-info&#8221; css=&#8221;&#8221; button_block=&#8221;true&#8221; add_icon=&#8221;true&#8221; link=&#8221;url:http%3A%2F%2Fwww.fala.sp.gov.br%2F|target:_blank&#8221;][\/vc_column][\/vc_row][vc_row][vc_column][vc_empty_space height=&#8221;40px&#8221;][\/vc_column][\/vc_row][\/vc_section][vc_row full_width=&#8221;stretch_row_content_no_spaces&#8221; disable_element=&#8221;yes&#8221;][vc_column]Something went wrong while retrieving your map, please ensure you have entered the short code correctly.[\/vc_column][\/vc_row][vc_row full_width=&#8221;stretch_row_content_no_spaces&#8221;][vc_column][vc_gmaps link=&#8221;#E-8_JTNDaWZyYW1lJTIwc3JjJTNEJTIyaHR0cHMlM0ElMkYlMkZ3d3cuZ29vZ2xlLmNvbSUyRm1hcHMlMkZlbWJlZCUzRnBiJTNEJTIxMW0xOCUyMTFtMTIlMjExbTMlMjExZDM2NzUuOTUxODg3NTc3NDkzJTIxMmQtNDcuMDc2NTE0MjI1OTUxOSUyMTNkLTIyLjg3ODIzNTYzNjg0ODgyNCUyMTJtMyUyMTFmMCUyMTJmMCUyMTNmMCUyMTNtMiUyMTFpMTAyNCUyMTJpNzY4JTIxNGYxMy4xJTIxM20zJTIxMW0yJTIxMXMweDk0YzhjNjE0NjFjNGI4NWQlMjUzQTB4OGI1MWI0MzM5YjBkYjA2MyUyMTJzQXYuJTI1MjBCcmFzaWwlMjUyQyUyNTIwMjM0MCUyNTIwLSUyNTIwSmFyZGltJTI1MjBDaGFwYWQlMjVDMyUyNUEzbyUyNTJDJTI1MjBDYW1waW5hcyUyNTIwLSUyNTIwU1AlMjUyQyUyNTIwMTMwNzAtMTc4JTIxNWUwJTIxM20yJTIxMXNwdC1CUiUyMTJzYnIlMjE0djE3NTc5NjE0MDM0NjklMjE1bTIlMjExc3B0LUJSJTIxMnNiciUyMiUyMHdpZHRoJTNEJTIyNjAwJTIyJTIwaGVpZ2h0JTNEJTIyNDUwJTIyJTIwc3R5bGUlM0QlMjJib3JkZXIlM0EwJTNCJTIyJTIwYWxsb3dmdWxsc2NyZWVuJTNEJTIyJTIyJTIwbG9hZGluZyUzRCUyMmxhenklMjIlMjByZWZlcnJlcnBvbGljeSUzRCUyMm5vLXJlZmVycmVyLXdoZW4tZG93bmdyYWRlJTIyJTNFJTNDJTJGaWZyYW1lJTNF&#8221; css=&#8221;&#8221;][\/vc_column][\/vc_row]<\/p>\n<\/div>","protected":false},"excerpt":{"rendered":"<p>[vc_row css=&#8221;.vc_custom_1496648745757{padding-top: 70px !important;padding-bottom: 80px !important;}&#8221;][vc_column width=&#8221;1\/2&#8243;][vc_column_text css=&#8221;.vc_custom_1757961464694{padding-bottom: 30px !important;}&#8221;] O Programa Agro&hellip;<\/p>\n","protected":false},"author":1,"featured_media":0,"parent":0,"menu_order":0,"comment_status":"closed","ping_status":"closed","template":"template-fullwidth.php","meta":{"footnotes":""},"class_list":["post-73","page","type-page","status-publish","hentry","no-thumb"],"_links":{"self":[{"href":"https:\/\/car.agricultura.sp.gov.br\/site\/wp-json\/wp\/v2\/pages\/73","targetHints":{"allow":["GET"]}}],"collection":[{"href":"https:\/\/car.agricultura.sp.gov.br\/site\/wp-json\/wp\/v2\/pages"}],"about":[{"href":"https:\/\/car.agricultura.sp.gov.br\/site\/wp-json\/wp\/v2\/types\/page"}],"author":[{"embeddable":true,"href":"https:\/\/car.agricultura.sp.gov.br\/site\/wp-json\/wp\/v2\/users\/1"}],"replies":[{"embeddable":true,"href":"https:\/\/car.agricultura.sp.gov.br\/site\/wp-json\/wp\/v2\/comments?post=73"}],"version-history":[{"count":33,"href":"https:\/\/car.agricultura.sp.gov.br\/site\/wp-json\/wp\/v2\/pages\/73\/revisions"}],"predecessor-version":[{"id":1952,"href":"https:\/\/car.agricultura.sp.gov.br\/site\/wp-json\/wp\/v2\/pages\/73\/revisions\/1952"}],"wp:attachment":[{"href":"https:\/\/car.agricultura.sp.gov.br\/site\/wp-json\/wp\/v2\/media?parent=73"}],"curies":[{"name":"wp","href":"https:\/\/api.w.org\/{rel}","templated":true}]}}